he tens digit of 414?
1
What is the units digit of 16815?
5
What is the hundreds digit of 20348?
3
What is the hundreds digit of 1512?
5
What is the units digit of 648?
8
What is the hundreds digit of 45740?
7
What is the units digit of 300?
0
What is the hundreds digit of 926?
9
What is the thousands digit of 2170?
2
What is the tens digit of 2488?
8
What is the hundreds digit of 36059?
0
What is the hundreds digit of 73015?
0
What is the units digit of 1477?
7
What is the tens digit of 15170?
7
What is the ten thousands digit of 15931?
1
What is the tens digit of 3852?
5
What is the thousands digit of 14584?
4
What is the hundreds digit of 1125?
1
What is the tens digit of 45033?
3
What is the ten thousands digit of 17047?
1
What is the tens digit of 321?
2
What is the hundreds digit of 5717?
7
What is the hundreds digit of 11078?
0
What is the tens digit of 4427?
2
What is the hundreds digit of 775?
7
What is the thousands digit of 26990?
6
What is the hundreds digit of 5921?
9
What is the hundreds digit of 3883?
8
What is the thousands digit of 9494?
9
What is the thousands digit of 2628?
2
What is the hundreds digit of 16519?
5
What is the units digit of 153?
3
What is the ten thousands digit of 47888?
4
What is the thousands digit of 14709?
4
What is the hundreds digit of 22322?
3
What is the hundreds digit of 954?
9
What is the units digit of 5337?
7
What is the hundreds digit of 582?
5
What is the tens digit of 7173?
7
What is the units digit of 3406?
6
What is the tens digit of 22614?
1
What is the ten thousands digit of 46685?
4
What is the thousands digit of 1291?
1
What is the thousands digit of 2279?
2
What is the thousands digit of 9413?
9
What is the units digit of 65322?
2
What is the ten thousands digit of 29250?
2
What is the tens digit of 17659?
5
What is the ten thousands digit of 18840?
1
What is the thousands digit of 5669?
5
What is the tens digit of 319?
1
What is the tens digit of 27031?
3
What is the tens digit of 4881?
8
What is the hundreds digit of 804?
8
What is the units digit of 31416?
6
What is the ten thousands digit of 34941?
3
What is the tens digit of 63252?
5
What is the hundreds digit of 12752?
7
What is the hundreds digit of 11771?
7
What is the hundreds digit of 9635?
6
What is the units digit of 1787?
7
What is the tens digit of 36761?
6
What is the units digit of 8921?
1
What is the thousands digit of 9881?
9
What is the ten thousands digit of 30602?
3
What is the units digit of 584?
4
What is the hundreds digit of 617?
6
What is the tens digit of 13553?
5
What is the hundreds digit of 64750?
7
What is the hundreds digit of 1250?
2
What is the thousands digit of 3444?
3
What is the units digit of 8712?
2
What is the thousands digit of 3036?
3
What is the hundreds digit of 27263?
2
What is the units digit of 3702?
2
What is the hundreds digit of 992?
9
What is the hundreds digit of 9754?
7
What is the tens digit of 5173?
7
What is the units digit of 1513?
3
What is the hundreds digit of 223?
2
What is the units digit of 4064?
4
What is the tens digit of 1210?
1
What is the hundreds digit of 2069?
0
What is the thousands digit of 36812?
6
What is the thousands digit of 18003?
8
What is the tens digit of 6541?
4
What is the hundreds digit of 948?
9
What is the units digit of 2663?
3
What is the units digit of 37382?
2
What is the thousands digit of 44683?
4
What is the thousands digit of 1450?
1
What is the thousands digit of 3683?
3
What is the hundreds digit of 24830?
8
What is the tens digit of 20933?
3
What is the tens digit of 1608?
0
What is the thousands digit of 1576?
1
What is the ten thousands digit of 10223?
1
What is the units digit of 578?
8
What is the thousands digit of 3032?
3
What is the tens digit of 11484?
8
What is the units digit of 685?
5
What is the hundreds digit of 31416?
4
What is the hundreds digit of 888?
8
What is the units digit of 1264?
4
What is the units digit of 2328?
8
What is the units digit of 523?
3
What is the units digit of 1133?
3
What is the ten thousands digit of 79475?
7
What is the thousands digit of 19783?
9
What is the units digit of 51447?
7
What is the units digit of 1580?
0
What is the units digit of 2695?
5
What is the tens digit of 4137?
3
What is the hundreds digit of 3828?
8
What is the thousands digit of 76795?
6
What is the tens digit of 64644?
4
What is the units digit of 16426?
6
What is the units digit of 586?
6
What is the tens digit of 4539?
3
What is the thousands digit of 1115?
1
What is the ten thousands digit of 71719?
7
What is the hundreds digit of 1345?
3
What is the units digit of 18130?
0
What is the ten thousands digit of 144473?
4
What is the tens digit of 2244?
4
What is the units digit of 143?
3
What is the hundreds digit of 14813?
8
What is the tens digit of 1046?
4
What is the thousands digit of 7209?
7
What is the ten thousands digit of 118465?
1
What is the ten thousands digit of 82845?
8
What is the units digit of 43588?
8
What is the hundreds digit of 159?
1
What is the hundreds digit of 32702?
7
What is the hundred thousands digit of 184930?
1
What is the hundreds digit of 13037?
0
What is the tens digit of 52652?
5
What is the tens digit of 5400?
0
What is the hundreds digit of 4855?
8
What is the tens digit of 113639?
3
What is the units digit of 9085?
5
What is the units digit of 1188?
8
What is the units digit of 4028?
8
What is the tens digit of 169?
6
What is the thousands digit of 145119?
5
What is the units digit of 720?
0
What is the tens digit of 5301?
0
What is the hundreds digit of 29425?
4
What is the tens digit of 631?
3
What is the tens digit of 1564?
6
What is the tens digit of 1175?
7
What is the tens digit of 225?
2
What is the thousands digit of 9623?
9
What is the ten thousands digit of 16777?
1
What is the ten thousands digit of 19823?
1
What is the tens digit of 193?
9
What is the hundreds digit of 234?
2
What is the hundreds digit of 135905?
9
What is the units digit of 478?
8
What is the hundreds digit of 22895?
8
What is the tens digit of 872?
7
What is the thousands digit of 2189?
2
What is the hundreds digit of 2977?
9
What is the units digit of 20648?
8
What is the ten thousands digit of 171763?
7
What is the hundreds digit of 4436?
4
What is the ten thousands digit of 40260?
4
What is the units digit of 2679?
9
What is the tens digit of 16766?
6
What is the hundreds digit of 79102?
1
What is the ten thousands digit of 39852?
3
What is the units digit of 1907?
7
What is the hundreds digit of 388?
3
What is the thousands digit of 4600?
4
What is the units digit of 24?
4
What is the hundreds digit of 9235?
2
What is the thousands digit of 9365?
9
What is the thousands digit of 10418?
0
What is the tens digit of 844?
4
What is the hundreds digit of 19329?
3
What is the units digit of 337?
7
What is the units digit of 10730?
0
What is the tens digit of 1177?
7
What is the tens digit of 129009?
0
What is the thousands digit of 6494?
6
What is the tens digit of 4062?
6
What is the units digit of 3392?
2
What is the thousands digit of 9964?
9
What is the hundreds digit of 48508?
5
What is the units digit of 5475?
5
What is the tens digit of 1429?
2
What is the thousands digit of 11445?
1
What is the hundreds digit of 67764?
7
What is the thousands digit of 13595?
3
What is the tens digit of 2590?
9
What is the units digit of 44688?
8
What is the tens digit of 14?
1
What is the tens digit of 2180?
8
What is the tens digit of 8022?
2
What is the units digit of 56545?
5
What is the units digit of 135?
5
What is the ten thousands digit of 11956?
1
What is the hundreds digit of 393?
3
What is the tens digit of 612?
1
What is the thousands digit of 9458?
9
What is the hundreds digit of 5383?
3
What is the tens digit of 75933?
3
What is the tens digit of 3292?
9
What is the thousands digit of 7985?
7
What is the units digit of 63454?
4
What is the hundreds digit of 34337?
3
What is the tens digit of 5837?
3
What is the thousands digit of 7297?
7
What is the tens digit of 22033?
3
What is the tens digit of 986?
8
What is the tens digit of 1477?
7
What is the units digit of 1047?
7
What is the tens digit of 12124?
2
What is the thousands digit of 56942?
6
What is the units digit of 29987?
7
What is the hundr